{"id":109623,"date":"2024-09-20T00:14:30","date_gmt":"2024-09-20T00:14:30","guid":{"rendered":"http:\/\/teammototec.com\/test\/producto\/disco-de-freno-trasero-galfer-df780w-wave\/"},"modified":"2024-09-20T00:15:19","modified_gmt":"2024-09-20T00:15:19","slug":"disco-de-freno-trasero-galfer-df780w-wave","status":"publish","type":"product","link":"https:\/\/teammototec.com\/test\/producto\/disco-de-freno-trasero-galfer-df780w-wave\/","title":{"rendered":"DISCO DE FRENO TRASERO GALFER DF780W WAVE"},"content":{"rendered":"<p>\u00d8 Ext: 140,00 mm<br \/>\n\u00d8 Int: 45,00 mm<br \/>\nCampana : 0,00 mm<br \/>\nEspesor: 2,70 mm<br \/>\nAnclajes n\u00ba: 5<br \/>\n\u00d8 entre anclajes: 60,00 mm<\/p>\n<p>Todos los discos tienen las siguientes cualidades y manufactura:<br \/>\n\u2022 Hechos de Alto Carb\u00f3n 420 SS \/ compuesto 8 \u00fanico de Galfer.<br \/>\n\u2022 Corte con l\u00e1ser (no estampado como la mayor\u00eda de los otros).<br \/>\n\u2022 Doble disco \u2013 compresi\u00f3n paralela para asegurar una perfecta posici\u00f3n paralela.<br \/>\n\u2022 Tratamiento con calor para cada aplicaci\u00f3n espec\u00edfica (para asegurar la resistencia a las deformaciones).<br \/>\nCada uno de nuestros dise\u00f1os son CAD-CAM y probados con un programa de an\u00e1lisis de presi\u00f3n, as\u00ed como con el dinam\u00f3metro \/ una prueba en la vida real se realiza antes de ofrecer nuestro producto al mercado.<\/p>\n","protected":false},"excerpt":{"rendered":"<p>\u00d8 Ext: 140,00 mm \u00d8 Int: 45,00 mm Campana : 0,00 mm Espesor: 2,70 mm Anclajes n\u00ba: 5 \u00d8 entre anclajes: 60,00 mm Todos los discos tienen las siguientes cualidades y manufactura: \u2022 Hechos de Alto Carb\u00f3n 420 SS \/ compuesto 8 \u00fanico de Galfer. \u2022 Corte con l\u00e1ser (no estampado como la mayor\u00eda de [&hellip;]<\/p>\n","protected":false},"featured_media":109622,"comment_status":"open","ping_status":"closed","template":"","meta":[],"product_cat":[832],"product_tag":[1569],"class_list":{"0":"post-109623","1":"product","2":"type-product","3":"status-publish","4":"has-post-thumbnail","6":"product_cat-discos-de-freno","7":"product_tag-galfer","8":"pa_ano-926","9":"pa_ano-927","10":"pa_ano-928","11":"pa_ano-929","12":"pa_ano-930","13":"pa_ano-931","14":"pa_ano-895","15":"pa_ano-896","16":"pa_marca-ktm","17":"pa_modelo-sx-50","18":"pa_modelo-sx-50-mini","19":"pa_tipo-de-vehiculo-dirt-bike","21":"first","22":"instock","23":"shipping-taxable","24":"purchasable","25":"product-type-variable"},"_links":{"self":[{"href":"https:\/\/teammototec.com\/test\/wp-json\/wp\/v2\/product\/109623","targetHints":{"allow":["GET"]}}],"collection":[{"href":"https:\/\/teammototec.com\/test\/wp-json\/wp\/v2\/product"}],"about":[{"href":"https:\/\/teammototec.com\/test\/wp-json\/wp\/v2\/types\/product"}],"replies":[{"embeddable":true,"href":"https:\/\/teammototec.com\/test\/wp-json\/wp\/v2\/comments?post=109623"}],"wp:featuredmedia":[{"embeddable":true,"href":"https:\/\/teammototec.com\/test\/wp-json\/wp\/v2\/media\/109622"}],"wp:attachment":[{"href":"https:\/\/teammototec.com\/test\/wp-json\/wp\/v2\/media?parent=109623"}],"wp:term":[{"taxonomy":"product_cat","embeddable":true,"href":"https:\/\/teammototec.com\/test\/wp-json\/wp\/v2\/product_cat?post=109623"},{"taxonomy":"product_tag","embeddable":true,"href":"https:\/\/teammototec.com\/test\/wp-json\/wp\/v2\/product_tag?post=109623"}],"curies":[{"name":"wp","href":"https:\/\/api.w.org\/{rel}","templated":true}]}}